3 - -3368?
-7955
In base 7, what is 105 + -21545426?
-21545321
In base 13, what is -1c0407 + 37a?
-1c005a
In base 10, what is 146 - -24017?
24163
In base 9, what is 15883 + 25?
16018
In base 3, what is -120 + -201002011000102?
-201002011000222
In base 7, what is -3 + 102505243?
102505240
In base 7, what is 2022034224 + -1?
2022034223
In base 3, what is -22001122221101120 + 11?
-22001122221101102
In base 15, what is -8 + 8d9c4e3?
8d9c4da
In base 8, what is -51407026 + 10?
-51407016
In base 10, what is -71420 + -311?
-71731
In base 3, what is 0 - 111221121102022002?
-111221121102022002
In base 8, what is 4 - -141663517?
141663523
In base 9, what is -22082870 - -5?
-22082864
In base 8, what is -1637221 + -20?
-1637241
In base 5, what is 3221 - -434034?
442310
In base 11, what is 4 + -4646881?
-4646878
In base 15, what is 1 + -27b4a5?
-27b4a4
In base 13, what is -1bc9387 + -81?
-1bc9438
In base 2, what is 101 - -1010010111010011010001111?
1010010111010011010010100
In base 3, what is 11 + -1112012020110012?
-1112012020110001
In base 16, what is -51 - -1e59f4?
1e59a3
In base 15, what is -e7 - 165b6?
-166ad
In base 12, what is 20b617 + 3?
20b61a
In base 14, what is 5d + 266c2c?
266c8b
In base 7, what is 3 + 221603103?
221603106
In base 14, what is 2 + 22000bc?
22000c0
In base 6, what is -2331023 - -12?
-2331011
In base 16, what is 373 - -30cc?
343f
In base 5, what is 3034 - 111312?
-103223
In base 3, what is -101210 - -12011221?
11210011
In base 8, what is -556563260 - 4?
-556563264
In base 16, what is -48bcba - 9?
-48bcc3
In base 16, what is 4 + -6a04d4?
-6a04d0
In base 10, what is -36903035 - -4?
-36903031
In base 5, what is 20001422132 + 4?
20001422141
In base 14, what is -430d537 - -22?
-430d515
In base 7, what is -25161604 + -1?
-25161605
In base 3, what is 10 + -10120200101002101?
-10120200101002021
In base 15, what is d98386 - -5?
d9838b
In base 16, what is 7f1415 - 4?
7f1411
In base 2, what is -1101000111100011 - -11000111000?
-1100101110101011
In base 6, what is 245 - 211025432?
-211025143
In base 8, what is 3672666 + 6?
3672674
In base 11, what is -24214a + 38a?
-241870
In base 9, what is -11448 + 37540?
26081
In base 7, what is -551503604 - -5?
-551503566
In base 8, what is 11 + -134761017?
-134761006
In base 14, what is 3c7 - 6aad?
-66c6
In base 11, what is -1a7 - -116891?
116695
In base 15, what is -27b67a + 2e?
-27b64b
In base 4, what is 321320111012121 + 11?
321320111012132
In base 12, what is a5 - 92453b?
-924456
In base 10, what is 73292169 + 17?
73292186
In base 3, what is -20012111220212000 + 0?
-20012111220212000
In base 10, what is -3 - 238725067?
-238725070
In base 14, what is -156 + -45d?
-5b5
In base 16, what is -1ad8 + -2d8?
-1db0
In base 11, what is -2 - -31638298?
31638296
In base 12, what is -1773 + 2bab?
1438
In base 2, what is 1101 + 1001001001110010010?
1001001001110011111
In base 12, what is -74b2242 + -5?
-74b2247
In base 6, what is 50125015345 + -3?
50125015342
In base 7, what is 2156315521 - 5?
2156315513
In base 4, what is 0 - -202323331100?
202323331100
In base 6, what is -3301000 - 1554?
-3302554
In base 10, what is 147 + 65624?
65771
In base 9, what is 48 - 4071742?
-4071683
In base 16, what is 4 + -ea21bf?
-ea21bb
In base 4, what is 10 + -12022021013?
-12022021003
In base 14, what is -132b - -12a2?
-69
In base 6, what is -51512 + -13?
-51525
In base 11, what is -9 + -289663?
-289671
In base 15, what is -1c5e5 + -292?
-1c887
In base 16, what is 15647 + -502?
15145
In base 4, what is -10231 + 101133201?
101122310
In base 12, what is -3 - ba615?
-ba618
In base 5, what is -3 + -12201323234?
-12201323242
In base 10, what is 609038 + -43?
608995
In base 11, what is -128a + 320a6?
30917
In base 5, what is 4 - -311222004440?
311222004444
In base 15, what is -56 - -12b43?
12adc
In base 12, what is 47a52 + -480?
47592
In base 12, what is -7103aa - -5aa?
-70ba00
In base 8, what is -420061655 + -6?
-420061663
In base 15, what is -16 - 4da9be?
-4da9d5
In base 8, what is 1141 - 17650?
-16507
In base 6, what is 10 + 335052133?
335052143
In base 2, what is 110000 + -100011011010000000?
-100011011001010000
In base 5, what is 211412312 + -31?
211412231
In base 13, what is -9a - -15c0c?
15b42
In base 5, what is -2102 - 1040343022?
-1040400124
In base 2, what is 10101100 + 1110010001001?
1110100110101
In base 5, what is 1333 - 4430044?
-4423211
In base 7, what is -1443 + 50240?
45464
In base 10, what is -11 - 209937?
-209948
In base 10, what is -4 + 58562063?
58562059
In base 7, what is 53 - 265502?
-265416
In base 7, what is 143616532351 - -5?
143616532356
In base 2, what is 1110000010011110 + 1101010111?
1110001111110101
In base 11, what is -277052756 - -4?
-277052752
In base 13, what is -725343 + -1b?
-725361
In base 6, what is -524 - 442234?
-443202
In base 3, what is 201101200111222122 - 0?
201101200111222122
In base 4, what is 10131222110 - -32020?
10131320130
In base 7, what is 305035332 - 5?
305035324
In base 4, what is 3020112232330 + 12?
3020112233002
In base 8, what is -264444 - -46?
-264376
In base 8, what is -55 - 7670631?
-7670706
In base 8, what is 2 + -576736255?
-576736253
In base 2, what is 10111010000011001000 - 1011010111?
10111001110111110001
In base 16, what is d2fb6e + -1?
d2fb6d
In base 9, what is -13056388 + -78?
-13056477
In base 8, what is -5 - 130026022?
-130026027
In base 10, what is 51398 - 188?
51210
In base 3, what is 210221001022 + 12?
210221001111
In base 15, what is 1d2 + 12ea7?
13189
In base 12, what is -314 + -2a5b?
-3173
In base 10, what is -156 - 179974?
-180130
In base 8, what is -136103343 - 4?
-136103347
In base 15, what is -2 + -71dc0?
-71dc2
In base 13, what is 48 + 3a98b6?
3a9931
In base 15, what is -16370e5 - 3?
-16370e8
In base 15, what is -351 - -2847b?
2812a
In base 5, what is -12100 + 10042121?
10030021
In base 15, what is -55946e + -3?
-559472
In base 15, what is 3d73 + 468?
42db
In base 4, what is 300133213 + -221200?
233312013
In base 8, what is -1014733 - 105?
-1015040
In base 15, what is 2593b - 21b?
25720
In base 8, what is -12 + 3112373?
3112361
In base 4, what is -2122001 - 102011110?
-110133111
In base 12, what is 23 - 243abb5?
-243ab92
In base 3, what is -100221002 - -22122?
-100121110
In base 3, what is 2202020201122 + -22221?
2202020101201
In base 9, what is 7 - -20817036?
20817044
In base 5, what is 2 + 32224032?
32224034
In base 3, what is 1202 + -10010222100?
-10010220121
In base 11, what is -4 - 1407276?
-140727a
In base 6, what is 125 - 1205315?
-1205150
In base 4, what is -1110311330002 - 10?
-1110311330012
In base 4, what is -30110221132310 - 0?
-30110221132310
In base 4, what is -20122300200 + 1000?
-20122233200
In base 2, what is -10101100110111101010111 - -11?
-10101100110111101010100
In base 6, what is 2 - 242210355?
-242210353
In base 14, what is 105d0d + -1b?
105cd2
In base 10, what is 7442352 - 3?
7442349
In base 3, what is -2201 - 200202122?
-200212100
In base 5, what is 10 + 430433210?
430433220
In base 5, what is 1014220 + -303?
1013412
In base 10, what is 5384 + 1487?
6871
In base 15, what is 3c718 + 1e?
3c737
In base 3, what is 22010210 - -10100011222?
10122022202
In base 5, what is -34430040 + -2202?
-34432242
In base 10, what is -4192027 - -19?
-4192008
In base 10, what is 4 + -2269108?
-2269104
In base 14, what is 1ddc0 - a7?
1dd17
In base 12, what is 11a6467 - -10?
11a6477
In base 15, what is 485 - 32db?
-2d56
In base 12, what is 1b9285 + -34a?
1b8b37
In base 8, what is -310 + -4426542?
-4427052
In base 12, what is -10657b726 + 0?
-10657b726
In base 10, what is 3 + -1685139?
-1685136
In base 12, what is -39 - 1230b171?
-1230b1aa
In base 6, what is 10234403 + -2101?
10232302
In base 16, what is 21cde7fd + 4?
21cde801
In base 16, what is -338b - 688?
-3a13
In base 9, what is 5344113 + -14?
5344088
In base 4, what is 22133 + 12013101?
12101300
In base 10, what is 15218557 - -1?
15218558
In base 14, what is -1b804d - 5?
-1b8054
In base 8, what is 46 + 212232?
212300
In base 11, what is -1a1a45 - -321?
-1a1724
In base 6, what is 10 - -4505303220?
4505303230
In base 11, what is 94a720a7 + 4?
94a72100
In base 9, what is -82 - -234640?
234547
In base 16, what is 370131 - -b?
37013c
In base 15, what is 5 - -a21725?
a2172a
In base 9, what is 3 - -33575